{"id":21,"date":"2015-07-01T14:34:05","date_gmt":"2015-07-01T14:34:05","guid":{"rendered":"http:\/\/shs-alfeld.de\/?page_id=21"},"modified":"2015-12-03T09:47:46","modified_gmt":"2015-12-03T09:47:46","slug":"ganztag","status":"publish","type":"page","link":"http:\/\/shs-alfeld.de\/?page_id=21","title":{"rendered":"Ganztag"},"content":{"rendered":"<p>Unsere Ganztagsangebote gestalten wir gemeinsam mit der Carl-Benscheidt-Realschule und dem Gymnasium Alfeld. Sie finden zwichen 13.30 und 15.00 Uhr statt.<\/p>\n<p>Einige Angebote stehen auch Sch\u00fclerinnen und Sch\u00fcler der B\u00fcrgerschule offen.<\/p>\n","protected":false},"excerpt":{"rendered":"<p>Unsere Ganztagsangebote gestalten wir gemeinsam mit der Carl-Benscheidt-Realschule und dem Gymnasium Alfeld. Sie finden zwichen 13.30 und 15.00 Uhr statt. Einige Angebote stehen auch Sch\u00fclerinnen und Sch\u00fcler der B\u00fcrgerschule offen.<\/p>\n","protected":false},"author":1,"featured_media":0,"parent":0,"menu_order":0,"comment_status":"closed","ping_status":"closed","template":"","meta":[],"_links":{"self":[{"href":"http:\/\/shs-alfeld.de\/index.php?rest_route=\/wp\/v2\/pages\/21"}],"collection":[{"href":"http:\/\/shs-alfeld.de\/index.php?rest_route=\/wp\/v2\/pages"}],"about":[{"href":"http:\/\/shs-alfeld.de\/index.php?rest_route=\/wp\/v2\/types\/page"}],"author":[{"embeddable":true,"href":"http:\/\/shs-alfeld.de\/index.php?rest_route=\/wp\/v2\/users\/1"}],"replies":[{"embeddable":true,"href":"http:\/\/shs-alfeld.de\/index.php?rest_route=%2Fwp%2Fv2%2Fcomments&post=21"}],"version-history":[{"count":3,"href":"http:\/\/shs-alfeld.de\/index.php?rest_route=\/wp\/v2\/pages\/21\/revisions"}],"predecessor-version":[{"id":122,"href":"http:\/\/shs-alfeld.de\/index.php?rest_route=\/wp\/v2\/pages\/21\/revisions\/122"}],"wp:attachment":[{"href":"http:\/\/shs-alfeld.de\/index.php?rest_route=%2Fwp%2Fv2%2Fmedia&parent=21"}],"curies":[{"name":"wp","href":"https:\/\/api.w.org\/{rel}","templated":true}]}}

<p>Unsere Ganztagsangebote gestalten wir gemeinsam mit der Carl-Benscheidt-Realschule und dem Gymnasium Alfeld. Sie finden zwichen 13.30 und 15.00 Uhr statt.</p>
<p>Einige Angebote stehen auch Schülerinnen und Schüler der Bürgerschule offen.</p>

<p>Unsere Ganztagsangebote gestalten wir gemeinsam mit der Carl-Benscheidt-Realschule und dem Gymnasium Alfeld. Sie finden zwichen 13.30 und 15.00 Uhr statt. Einige Angebote stehen auch Schülerinnen und Schüler der Bürgerschule offen.</p>
