{"id":2,"date":"2015-05-07T05:24:08","date_gmt":"2015-05-07T05:24:08","guid":{"rendered":"http:\/\/localhost\/wordpress\/?page_id=2"},"modified":"2026-05-07T06:45:07","modified_gmt":"2026-05-07T06:45:07","slug":"sample-page","status":"publish","type":"page","link":"http:\/\/shs-alfeld.de\/?page_id=2","title":{"rendered":"Kontakt &#8211; Impressum &#8211; Datenschutz"},"content":{"rendered":"<p><strong>Kontakt:<\/strong><br \/>\nSchulrat Habermalz Schule<br \/>\nKalandstrasse 19<br \/>\n31061 Alfeld (Leine)<\/p>\n<p>Tel.: 05181 91150<br \/>\nFax: 05181 9115-22<\/p>\n<p>E-Mail: shs-alfeld@portal-shs.de<\/p>\n<p>Schulleitung: Sabine Hartmann, Christian Kling<br \/>\nSekretariat: Carola Kuschfeldt<br \/>\nHausmeister: Matthias Hausmann<br \/>\nSchulsozialp\u00e4dagogik: Sabina Kohsik, Josephina Urbisch<\/p>\n<p><strong>Impressum:<\/strong><\/p>\n<p>Schulrat\u2011Habermalz\u2011Schule Kalandstra\u00dfe 19 31061 Alfeld (Leine) Telefon: 05181 91150 E\u2011Mail: shs-alfeld@portal-shs.de<\/p>\n<p><strong>Diensteanbieter \/ Schultr\u00e4ger<\/strong> Landkreis Hildesheim vertreten durch den Landrat Bischof-Janssen-Stra\u00dfe 31 31134 Hildesheim<\/p>\n<p><strong>Vertretungsberechtigte der Schule<\/strong> Schulleitung: Sabine Hartmann, Christian Kling<\/p>\n<p><strong>Inhaltlich verantwortlich gem\u00e4\u00df \u00a7 18 Abs. 2 MStV<\/strong> Sabine Hartmann,\u00a0 Schulrat\u2011Habermalz\u2011Schule, Kalandstra\u00dfe 19, 31061 Alfeld (Leine)<\/p>\n<h5><strong>Datenschutzerkl\u00e4rung\u00a0<\/strong><\/h5>\n<h5>1. Verantwortliche Stelle<\/h5>\n<p>Schulrat\u2011Habermalz\u2011Schule Kaldnstra\u00dfe 19 31061 Alfeld (Leine) Telefon: 05181 91150 E\u2011Mail: sekretariat@schulrat-habermalz-schule.de <em>(anpassen)<\/em><\/p>\n<p>Vertreten durch die Schulleitung: MS<\/p>\n<h5>2. Datenschutzbeauftragte*r<\/h5>\n<p>Beh\u00f6rdliche<em>r Datenschutzbeauftragte<\/em>r des Landkreises Hildesheim Landkreis Hildesheim Bischof\u2011Janssen\u2011Stra\u00dfe 31 31134 Hildesheim E\u2011Mail: datenschutz@landkreishildesheim.de <em>(Platzhalter \u2013 bitte pr\u00fcfen)<\/em><\/p>\n<h5>3. Zweck und Rechtsgrundlagen der Datenverarbeitung<\/h5>\n<p>Als \u00f6ffentliche Schule verarbeiten wir personenbezogene Daten zur Erf\u00fcllung unseres Bildungs\u2011 und Erziehungsauftrags gem\u00e4\u00df \u00a7 31 NSchG und Art. 6 Abs. 1 DSGVO. Dazu geh\u00f6ren insbesondere:<\/p>\n<ul>\n<li>Schulorganisation und Unterricht<\/li>\n<li>Kommunikation mit Erziehungsberechtigten<\/li>\n<li>Ver\u00f6ffentlichung schulischer Informationen<\/li>\n<li>Teilnahme an schulischen Angeboten<\/li>\n<\/ul>\n<h5 class=\"text-xl-medium [&amp;:not(:first-child)]:pt-3.5 pb-1\">4. Erhebung und Speicherung personenbezogener Daten beim Besuch der Website<\/h5>\n<p>Beim Aufruf unserer Website werden automatisch folgende Daten verarbeitet:<\/p>\n<ul>\n<li>IP\u2011Adresse<\/li>\n<li>Datum und Uhrzeit des Zugriffs<\/li>\n<li>aufgerufene Seite\/Datei<\/li>\n<li>Browsertyp und Version<\/li>\n<li>Betriebssystem<\/li>\n<\/ul>\n<p>Rechtsgrundlage: Art. 6 Abs. 1 lit. e DSGVO i.\u202fV.\u202fm. \u00a7 3 NDSG.<\/p>\n<h5>5. Cookies<\/h5>\n<p>Unsere Website verwendet nur technisch notwendige Cookies. Eine Einwilligung ist hierf\u00fcr nicht erforderlich.<\/p>\n<h5>6. Kontaktaufnahme<\/h5>\n<p>Wenn Sie uns per E\u2011Mail oder Telefon kontaktieren, verarbeiten wir Ihre Angaben zur Bearbeitung des Anliegens. Rechtsgrundlage: Art. 6 Abs. 1 lit. e DSGVO.<\/p>\n<h5>7. Weitergabe von Daten<\/h5>\n<p>Eine \u00dcbermittlung personenbezogener Daten erfolgt nur, wenn sie gesetzlich vorgesehen ist, z.\u202fB. an Schultr\u00e4ger, Gesundheitsbeh\u00f6rden oder Jugendhilfe gem\u00e4\u00df \u00a7 31 NSchG.<\/p>\n<h5 class=\"text-xl-medium [&amp;:not(:first-child)]:pt-3.5 pb-1\">8. Ver\u00f6ffentlichung von Fotos und Namen<\/h5>\n<p>Fotos und personenbezogene Inhalte werden nur ver\u00f6ffentlicht, wenn eine rechtliche Grundlage besteht (z.\u202fB. Einwilligung oder schulische Veranstaltung mit Informationspflicht). Hinweise hierzu finden sich in den Empfehlungen der LfD Niedersachsen.<\/p>\n<h5 class=\"text-xl-medium [&amp;:not(:first-child)]:pt-3.5 pb-1\">9. Ihre Rechte<\/h5>\n<p>Sie haben folgende Rechte nach DSGVO:<\/p>\n<ul>\n<li>Auskunft (Art. 15)<\/li>\n<li>Berichtigung (Art. 16)<\/li>\n<li>L\u00f6schung (Art. 17)<\/li>\n<li>Einschr\u00e4nkung der Verarbeitung (Art. 18)<\/li>\n<li>Widerspruch (Art. 21)<\/li>\n<li>Beschwerde bei der Landesbeauftragten f\u00fcr den Datenschutz Niedersachsen<\/li>\n<\/ul>\n<h5>10. Speicherdauer<\/h5>\n<p>Personenbezogene Daten werden nur so lange gespeichert, wie es zur Aufgabenerf\u00fcllung erforderlich ist oder gesetzliche Aufbewahrungsfristen bestehen.<\/p>\n<h5>11. Sicherheit<\/h5>\n<p>Wir treffen technische und organisatorische Ma\u00dfnahmen, um Daten vor Verlust, Missbrauch und unbefugtem Zugriff zu sch\u00fctzen.<\/p>\n<h5>12. Externe Links<\/h5>\n<p>F\u00fcr Inhalte verlinkter externer Seiten sind ausschlie\u00dflich deren Betreiber verantwortlich.<\/p>\n<h5>13. Aktualit\u00e4t<\/h5>\n<p>Diese Datenschutzerkl\u00e4rung entspricht dem Stand Mai 2026 und wird bei \u00c4nderungen der Rechtslage angepasst.<\/p>\n<div><\/div>\n<div class=\"relative pb-6 w-full after:border-b after:border-stroke-300 after:w-full after:absolute after:mt-3\"><\/div>\n","protected":false},"excerpt":{"rendered":"<p>Kontakt: Schulrat Habermalz Schule Kalandstrasse 19 31061 Alfeld (Leine) Tel.: 05181 91150 Fax: 05181 9115-22 E-Mail: shs-alfeld@portal-shs.de Schulleitung: Sabine Hartmann, Christian Kling Sekretariat: Carola Kuschfeldt Hausmeister: Matthias Hausmann Schulsozialp\u00e4dagogik: Sabina Kohsik, Josephina Urbisch Impressum: Schulrat\u2011Habermalz\u2011Schule Kalandstra\u00dfe 19 31061 Alfeld (Leine) Telefon: 05181 91150 E\u2011Mail: shs-alfeld@portal-shs.de Diensteanbieter \/ Schultr\u00e4ger Landkreis Hildesheim vertreten durch den Landrat Bischof-Janssen-Stra\u00dfe &#8230; <a title=\"Kontakt &#8211; Impressum &#8211; Datenschutz\" class=\"read-more\" href=\"http:\/\/shs-alfeld.de\/?page_id=2\" aria-label=\"Mehr dazu unter Kontakt &#8211; Impressum &#8211; Datenschutz\">Weiterlesen<\/a><\/p>\n","protected":false},"author":1,"featured_media":0,"parent":0,"menu_order":1,"comment_status":"closed","ping_status":"open","template":"","meta":[],"_links":{"self":[{"href":"http:\/\/shs-alfeld.de\/index.php?rest_route=\/wp\/v2\/pages\/2"}],"collection":[{"href":"http:\/\/shs-alfeld.de\/index.php?rest_route=\/wp\/v2\/pages"}],"about":[{"href":"http:\/\/shs-alfeld.de\/index.php?rest_route=\/wp\/v2\/types\/page"}],"author":[{"embeddable":true,"href":"http:\/\/shs-alfeld.de\/index.php?rest_route=\/wp\/v2\/users\/1"}],"replies":[{"embeddable":true,"href":"http:\/\/shs-alfeld.de\/index.php?rest_route=%2Fwp%2Fv2%2Fcomments&post=2"}],"version-history":[{"count":9,"href":"http:\/\/shs-alfeld.de\/index.php?rest_route=\/wp\/v2\/pages\/2\/revisions"}],"predecessor-version":[{"id":1468,"href":"http:\/\/shs-alfeld.de\/index.php?rest_route=\/wp\/v2\/pages\/2\/revisions\/1468"}],"wp:attachment":[{"href":"http:\/\/shs-alfeld.de\/index.php?rest_route=%2Fwp%2Fv2%2Fmedia&parent=2"}],"curies":[{"name":"wp","href":"https:\/\/api.w.org\/{rel}","templated":true}]}}