{"id":167,"date":"2017-02-02T10:03:32","date_gmt":"2017-02-02T10:03:32","guid":{"rendered":"http:\/\/shs-alfeld.de\/?page_id=167"},"modified":"2017-02-02T10:04:39","modified_gmt":"2017-02-02T10:04:39","slug":"klasse-6b-stellt-in-der-projektwoche-pausenspielgeraete-her","status":"publish","type":"page","link":"http:\/\/shs-alfeld.de\/?page_id=167","title":{"rendered":"KLASSE 6B STELLT IN DER PROJEKTWOCHE PAUSENSPIELGER\u00c4TE HER"},"content":{"rendered":"<p>W\u00e4hrend der Projektwoche hat die Klasse 6b mit viel Einsatz und Liebe zum Detail 3 neue Pausenspielger\u00e4te aus Holz hergestellt. Die Sch\u00fcler fertigten dabei 2 Ausgaben des Wurfspiels \u201eCornhole\u201c und ein \u201eLeitergolf\u201c-Wurfspiel an.<\/p>\n<p>Ziel bei beiden Spielen ist es, durch genaues und gef\u00fchlvolles Werfen Punkte zu erreichen. Bei Cornhole geschieht dies mit maisgef\u00fcllten S\u00e4ckchen, die die Sch\u00fcler in m\u00fchevoller Kleinarbeit mit Hand bef\u00fcllt und vern\u00e4ht haben. Erschwert wird das Spiel dadurch, dass die Oberfl\u00e4che der Spielger\u00e4te lackiert und gewachst ist. Dadurch wird sie sehr glatt und die S\u00e4ckchen rutschen gern \u00fcber ihr Ziel hinaus.<\/p>\n<p>Beim Leitergolf hat die Klasse bei der Herstellung besonderen Wert auf das Wort \u201eGolf\u201c gelegt, und die Spielger\u00e4te aus echten alten Golfb\u00e4llen hergestellt. Insgesamt wurde 4 Tage lang ges\u00e4gt, geschliffen, gebohrt, geschraubt und lackiert. Die Ergebnisse k\u00f6nnen sich sehen lassen und bringen besonders durch die vielen bunten Farben sofort gute Laune beim Spielen.<a href=\"http:\/\/shs-alfeld.de\/wp-content\/uploads\/2017\/02\/02_projektwoche1.jpg\"><img decoding=\"async\" loading=\"lazy\" class=\"size-medium wp-image-168 alignleft\" src=\"http:\/\/shs-alfeld.de\/wp-content\/uploads\/2017\/02\/02_projektwoche1-168x300.jpg\" alt=\"02_projektwoche1\" width=\"168\" height=\"300\" srcset=\"http:\/\/shs-alfeld.de\/wp-content\/uploads\/2017\/02\/02_projektwoche1-168x300.jpg 168w, http:\/\/shs-alfeld.de\/wp-content\/uploads\/2017\/02\/02_projektwoche1-768x1371.jpg 768w, http:\/\/shs-alfeld.de\/wp-content\/uploads\/2017\/02\/02_projektwoche1-574x1024.jpg 574w\" sizes=\"(max-width: 168px) 100vw, 168px\" \/><\/a> <a href=\"http:\/\/shs-alfeld.de\/wp-content\/uploads\/2017\/02\/03_projektwoche2.jpg\"><img decoding=\"async\" loading=\"lazy\" class=\"alignright size-medium wp-image-169\" src=\"http:\/\/shs-alfeld.de\/wp-content\/uploads\/2017\/02\/03_projektwoche2-300x168.jpg\" alt=\"03_projektwoche2\" width=\"300\" height=\"168\" srcset=\"http:\/\/shs-alfeld.de\/wp-content\/uploads\/2017\/02\/03_projektwoche2-300x168.jpg 300w, http:\/\/shs-alfeld.de\/wp-content\/uploads\/2017\/02\/03_projektwoche2-768x430.jpg 768w, http:\/\/shs-alfeld.de\/wp-content\/uploads\/2017\/02\/03_projektwoche2-1024x574.jpg 1024w\" sizes=\"(max-width: 300px) 100vw, 300px\" \/><\/a><\/p>\n","protected":false},"excerpt":{"rendered":"<p>W\u00e4hrend der Projektwoche hat die Klasse 6b mit viel Einsatz und Liebe zum Detail 3 neue Pausenspielger\u00e4te aus Holz hergestellt. Die Sch\u00fcler fertigten dabei 2 Ausgaben des Wurfspiels \u201eCornhole\u201c und ein \u201eLeitergolf\u201c-Wurfspiel an. Ziel bei beiden Spielen ist es, durch genaues und gef\u00fchlvolles Werfen Punkte zu erreichen. Bei Cornhole geschieht dies mit maisgef\u00fcllten S\u00e4ckchen, die &#8230; <a title=\"KLASSE 6B STELLT IN DER PROJEKTWOCHE PAUSENSPIELGER\u00c4TE HER\" class=\"read-more\" href=\"http:\/\/shs-alfeld.de\/?page_id=167\" aria-label=\"Mehr dazu unter KLASSE 6B STELLT IN DER PROJEKTWOCHE PAUSENSPIELGER\u00c4TE HER\">Weiterlesen<\/a><\/p>\n","protected":false},"author":1,"featured_media":169,"parent":16,"menu_order":1,"comment_status":"closed","ping_status":"closed","template":"","meta":[],"_links":{"self":[{"href":"http:\/\/shs-alfeld.de\/index.php?rest_route=\/wp\/v2\/pages\/167"}],"collection":[{"href":"http:\/\/shs-alfeld.de\/index.php?rest_route=\/wp\/v2\/pages"}],"about":[{"href":"http:\/\/shs-alfeld.de\/index.php?rest_route=\/wp\/v2\/types\/page"}],"author":[{"embeddable":true,"href":"http:\/\/shs-alfeld.de\/index.php?rest_route=\/wp\/v2\/users\/1"}],"replies":[{"embeddable":true,"href":"http:\/\/shs-alfeld.de\/index.php?rest_route=%2Fwp%2Fv2%2Fcomments&post=167"}],"version-history":[{"count":1,"href":"http:\/\/shs-alfeld.de\/index.php?rest_route=\/wp\/v2\/pages\/167\/revisions"}],"predecessor-version":[{"id":173,"href":"http:\/\/shs-alfeld.de\/index.php?rest_route=\/wp\/v2\/pages\/167\/revisions\/173"}],"up":[{"embeddable":true,"href":"http:\/\/shs-alfeld.de\/index.php?rest_route=\/wp\/v2\/pages\/16"}],"wp:featuredmedia":[{"embeddable":true,"href":"http:\/\/shs-alfeld.de\/index.php?rest_route=\/wp\/v2\/media\/169"}],"wp:attachment":[{"href":"http:\/\/shs-alfeld.de\/index.php?rest_route=%2Fwp%2Fv2%2Fmedia&parent=167"}],"curies":[{"name":"wp","href":"https:\/\/api.w.org\/{rel}","templated":true}]}}