{"id":1021,"date":"2018-12-03T08:58:33","date_gmt":"2018-12-03T08:58:33","guid":{"rendered":"http:\/\/shs-alfeld.de\/?page_id=1021"},"modified":"2018-12-03T08:58:33","modified_gmt":"2018-12-03T08:58:33","slug":"informationen-zur-dsgvo","status":"publish","type":"page","link":"http:\/\/shs-alfeld.de\/?page_id=1021","title":{"rendered":"Informationen zur DSGVO"},"content":{"rendered":"<p><strong>Datenschutzerkl\u00e4rung <\/strong><\/p>\n<ol>\n<li><strong> Verantwortlicher und Datenschutzbeauftragter <\/strong><\/li>\n<\/ol>\n<p>1.1 Verantwortlicher gem. Art. 4 Abs. 7 EU-Datenschutz-Grundverordnung (EU-DSGVO) ist (siehe unser Impressum).<\/p>\n<p>1.2 Unseren Datenschutzbeauftragten erreichen Sie unter [Datenschutz@portal-shs.de] oder unserer Postadresse mit dem Zusatz \u201eder Datenschutzbeauftragte\u201c.<\/p>\n<ol start=\"2\">\n<li><strong> Information \u00fcber die Erhebung personenbezogener Daten, Speicherdauer <\/strong><\/li>\n<\/ol>\n<p>2.1 Im Folgenden informieren wir \u00fcber die Erhebung personenbezogener Daten bei Nutzung unserer Website. Personenbezogene Daten sind alle Daten, die auf Sie pers\u00f6nlich beziehbar sind, z. B. Na-me, Adresse, E-Mail-Adressen, Nutzerverhalten.<\/p>\n<p>2.2 Bei Ihrer Kontaktaufnahme mit uns per E-Mail oder \u00fcber ein Kontaktformular werden die von Ihnen mitgeteilten Daten (Ihre E-Mail-Adresse, ggf. Ihr Name und Ihre Telefonnummer) von uns gespeichert, um Ihre Fragen zu beantworten. Die in diesem Zusammenhang anfallenden Daten l\u00f6schen wir, nach-dem die Speicherung nicht mehr erforderlich ist, oder schr\u00e4nken die Verarbeitung ein, falls gesetzliche Aufbewahrungspflichten bestehen.<\/p>\n<p>2.3 Falls wir f\u00fcr einzelne Funktionen unseres Angebots auf beauftragte Dienstleister zur\u00fcckgreifen oder Ihre Daten f\u00fcr werbliche Zwecke nutzen m\u00f6chten, werden wir Sie untenstehend im Detail \u00fcber die jeweiligen Vorg\u00e4nge informieren. Dabei nennen wir auch die festgelegten Kriterien der Speicher-dauer.<\/p>\n<ol start=\"3\">\n<li><strong> Ihre Rechte <\/strong><\/li>\n<\/ol>\n<p>3.1 Sie haben gegen\u00fcber uns folgende Rechte hinsichtlich der Sie betreffenden personenbezogenen Daten:<\/p>\n<p>\u2013 Recht auf Auskunft,<\/p>\n<p>\u2013 Recht auf Berichtigung oder L\u00f6schung,<\/p>\n<p>\u2013 Recht auf Einschr\u00e4nkung der Verarbeitung,<\/p>\n<p>\u2013 Recht auf Widerspruch gegen die Verarbeitung,<\/p>\n<p>\u2013 Recht auf Daten\u00fcbertragbarkeit.<\/p>\n<p>3.2 Sie haben zudem das Recht, sich bei einer Datenschutz-Aufsichtsbeh\u00f6rde \u00fcber die Verarbeitung Ihrer personenbezogenen Daten durch uns zu beschweren. Die Datenschutzaufsichtsbeh\u00f6rde ist der <em>Landesbeauftragte f\u00fcr den Datenschutz und die Informationsfreiheit (LfDI), K\u00f6nigstrasse 10a, 70173 Stuttgart. <\/em><\/p>\n<p>3.4 Werden personenbezogene Daten an ein Drittland oder an eine internationale Organisation<\/p>\n<p>\u00fcbermittelt, so haben Sie das Recht, \u00fcber die geeigneten Garantien gem\u00e4\u00df Art. 46 EU-DSGVO im Zusammenhang mit der \u00dcbermittlung unterrichtet zu werden.<\/p>\n<ol start=\"4\">\n<li><strong> Erhebung und Zweck personenbezogener Daten bei Besuch unserer Website <\/strong><\/li>\n<\/ol>\n<p>4.1 Bei der blo\u00df informatorischen Nutzung der Website, also wenn Sie sich nicht registrieren oder uns anderweitig Informationen \u00fcbermitteln, erheben wir nur die personenbezogenen Daten, die Ihr Brow-ser an unseren Server \u00fcbermittelt. Wenn Sie unsere Website betrachten m\u00f6chten, erheben wir die folgenden Daten, die f\u00fcr uns technisch erforderlich sind, um Ihnen unsere Website anzuzeigen und die Stabilit\u00e4t und Sicherheit zu gew\u00e4hrleisten (Rechtsgrundlage ist Art. 6 Abs. 1 S. 1 lit. f EU-DSGVO):<\/p>\n<p>\uf0b7 IP-Adresse<\/p>\n<p>\uf0b7 Datum und Uhrzeit der Anfrage<\/p>\n<p>\uf0b7 Zeitzonendifferenz zur Greenwich Mean Time (GMT)<\/p>\n<p>\uf0b7 Inhalt der Anforderung (konkrete Seite)<\/p>\n<p>\uf0b7 Zugriffsstatus\/HTTP-Statuscode<\/p>\n<p>\uf0b7 jeweils \u00fcbertragene Datenmenge<\/p>\n<p>\uf0b7 Website, von der die Anforderung kommt<\/p>\n<p>\uf0b7 Browser<\/p>\n<p>\uf0b7 Betriebssystem und dessen Oberfl\u00e4che<\/p>\n<p>\uf0b7 Sprache und Version der Browsersoftware.<\/p>\n<p>&nbsp;<\/p>\n","protected":false},"excerpt":{"rendered":"<p>Datenschutzerkl\u00e4rung Verantwortlicher und Datenschutzbeauftragter 1.1 Verantwortlicher gem. Art. 4 Abs. 7 EU-Datenschutz-Grundverordnung (EU-DSGVO) ist (siehe unser Impressum). 1.2 Unseren Datenschutzbeauftragten erreichen Sie unter [Datenschutz@portal-shs.de] oder unserer Postadresse mit dem Zusatz \u201eder Datenschutzbeauftragte\u201c. Information \u00fcber die Erhebung personenbezogener Daten, Speicherdauer 2.1 Im Folgenden informieren wir \u00fcber die Erhebung personenbezogener Daten bei Nutzung unserer Website. Personenbezogene Daten &#8230; <a title=\"Informationen zur DSGVO\" class=\"read-more\" href=\"http:\/\/shs-alfeld.de\/?page_id=1021\" aria-label=\"Mehr dazu unter Informationen zur DSGVO\">Weiterlesen<\/a><\/p>\n","protected":false},"author":1,"featured_media":0,"parent":2,"menu_order":2,"comment_status":"closed","ping_status":"closed","template":"","meta":[],"_links":{"self":[{"href":"http:\/\/shs-alfeld.de\/index.php?rest_route=\/wp\/v2\/pages\/1021"}],"collection":[{"href":"http:\/\/shs-alfeld.de\/index.php?rest_route=\/wp\/v2\/pages"}],"about":[{"href":"http:\/\/shs-alfeld.de\/index.php?rest_route=\/wp\/v2\/types\/page"}],"author":[{"embeddable":true,"href":"http:\/\/shs-alfeld.de\/index.php?rest_route=\/wp\/v2\/users\/1"}],"replies":[{"embeddable":true,"href":"http:\/\/shs-alfeld.de\/index.php?rest_route=%2Fwp%2Fv2%2Fcomments&post=1021"}],"version-history":[{"count":1,"href":"http:\/\/shs-alfeld.de\/index.php?rest_route=\/wp\/v2\/pages\/1021\/revisions"}],"predecessor-version":[{"id":1022,"href":"http:\/\/shs-alfeld.de\/index.php?rest_route=\/wp\/v2\/pages\/1021\/revisions\/1022"}],"up":[{"embeddable":true,"href":"http:\/\/shs-alfeld.de\/index.php?rest_route=\/wp\/v2\/pages\/2"}],"wp:attachment":[{"href":"http:\/\/shs-alfeld.de\/index.php?rest_route=%2Fwp%2Fv2%2Fmedia&parent=1021"}],"curies":[{"name":"wp","href":"https:\/\/api.w.org\/{rel}","templated":true}]}}

<p><strong>Datenschutzerklärung </strong></p>
<ol>
<li><strong> Verantwortlicher und Datenschutzbeauftragter </strong></li>
</ol>
<p>1.1 Verantwortlicher gem. Art. 4 Abs. 7 EU-Datenschutz-Grundverordnung (EU-DSGVO) ist (siehe unser Impressum).</p>
<p>1.2 Unseren Datenschutzbeauftragten erreichen Sie unter [Datenschutz@portal-shs.de] oder unserer Postadresse mit dem Zusatz „der Datenschutzbeauftragte“.</p>
<ol start="2">
<li><strong> Information über die Erhebung personenbezogener Daten, Speicherdauer </strong></li>
</ol>
<p>2.1 Im Folgenden informieren wir über die Erhebung personenbezogener Daten bei Nutzung unserer Website. Personenbezogene Daten sind alle Daten, die auf Sie persönlich beziehbar sind, z. B. Na-me, Adresse, E-Mail-Adressen, Nutzerverhalten.</p>
<p>2.2 Bei Ihrer Kontaktaufnahme mit uns per E-Mail oder über ein Kontaktformular werden die von Ihnen mitgeteilten Daten (Ihre E-Mail-Adresse, ggf. Ihr Name und Ihre Telefonnummer) von uns gespeichert, um Ihre Fragen zu beantworten. Die in diesem Zusammenhang anfallenden Daten löschen wir, nach-dem die Speicherung nicht mehr erforderlich ist, oder schränken die Verarbeitung ein, falls gesetzliche Aufbewahrungspflichten bestehen.</p>
<p>2.3 Falls wir für einzelne Funktionen unseres Angebots auf beauftragte Dienstleister zurückgreifen oder Ihre Daten für werbliche Zwecke nutzen möchten, werden wir Sie untenstehend im Detail über die jeweiligen Vorgänge informieren. Dabei nennen wir auch die festgelegten Kriterien der Speicher-dauer.</p>
<ol start="3">
<li><strong> Ihre Rechte </strong></li>
</ol>
<p>3.1 Sie haben gegenüber uns folgende Rechte hinsichtlich der Sie betreffenden personenbezogenen Daten:</p>
<p>– Recht auf Auskunft,</p>
<p>– Recht auf Berichtigung oder Löschung,</p>
<p>– Recht auf Einschränkung der Verarbeitung,</p>
<p>– Recht auf Widerspruch gegen die Verarbeitung,</p>
<p>– Recht auf Datenübertragbarkeit.</p>
<p>3.2 Sie haben zudem das Recht, sich bei einer Datenschutz-Aufsichtsbehörde über die Verarbeitung Ihrer personenbezogenen Daten durch uns zu beschweren. Die Datenschutzaufsichtsbehörde ist der <em>Landesbeauftragte für den Datenschutz und die Informationsfreiheit (LfDI), Königstrasse 10a, 70173 Stuttgart. </em></p>
<p>3.4 Werden personenbezogene Daten an ein Drittland oder an eine internationale Organisation</p>
<p>übermittelt, so haben Sie das Recht, über die geeigneten Garantien gemäß Art. 46 EU-DSGVO im Zusammenhang mit der Übermittlung unterrichtet zu werden.</p>
<ol start="4">
<li><strong> Erhebung und Zweck personenbezogener Daten bei Besuch unserer Website </strong></li>
</ol>
<p>4.1 Bei der bloß informatorischen Nutzung der Website, also wenn Sie sich nicht registrieren oder uns anderweitig Informationen übermitteln, erheben wir nur die personenbezogenen Daten, die Ihr Brow-ser an unseren Server übermittelt. Wenn Sie unsere Website betrachten möchten, erheben wir die folgenden Daten, die für uns technisch erforderlich sind, um Ihnen unsere Website anzuzeigen und die Stabilität und Sicherheit zu gewährleisten (Rechtsgrundlage ist Art. 6 Abs. 1 S. 1 lit. f EU-DSGVO):</p>
<p> IP-Adresse</p>
<p> Datum und Uhrzeit der Anfrage</p>
<p> Zeitzonendifferenz zur Greenwich Mean Time (GMT)</p>
<p> Inhalt der Anforderung (konkrete Seite)</p>
<p> Zugriffsstatus/HTTP-Statuscode</p>
<p> jeweils übertragene Datenmenge</p>
<p> Website, von der die Anforderung kommt</p>
<p> Browser</p>
<p> Betriebssystem und dessen Oberfläche</p>
<p> Sprache und Version der Browsersoftware.</p>
<p>&nbsp;</p>

<p>Datenschutzerklärung Verantwortlicher und Datenschutzbeauftragter 1.1 Verantwortlicher gem. Art. 4 Abs. 7 EU-Datenschutz-Grundverordnung (EU-DSGVO) ist (siehe unser Impressum). 1.2 Unseren Datenschutzbeauftragten erreichen Sie unter [Datenschutz@portal-shs.de] oder unserer Postadresse mit dem Zusatz „der Datenschutzbeauftragte“. Information über die Erhebung personenbezogener Daten, Speicherdauer 2.1 Im Folgenden informieren wir über die Erhebung personenbezogener Daten bei Nutzung unserer Website. Personenbezogene Daten &#8230; <a title="Informationen zur DSGVO" class="read-more" href="http://shs-alfeld.de/?page_id=1021" aria-label="Mehr dazu unter Informationen zur DSGVO">Weiterlesen</a></p>
